 - 2806. What is the remainder when j is divided by f(3)?
28
Suppose -20 = -2*o + 26. Suppose 3*j = o - 14. What is the remainder when 14 is divided by j?
2
Let y(j) be the third derivative of 3*j**5/20 + j**4/24 - j**3/6 - j**2. Let q = -56 + 66. Calculate the remainder when y(2) is divided by q.
7
Suppose 3*n - f = 3*f + 658, 0 = n - 5*f - 212. What is the remainder when n is divided by 15?
12
Suppose 3*s + 10 = -4*b, s + 2*b + 1 = -5. Suppose s*t = -2*k + 6, 0*t + 4*t + 5*k - 8 = 0. What is the remainder when t is divided by 5?
2
Let p(o) = -2*o**2 - 58*o + o**2 - 1 + 68*o. Calculate the remainder when 88 is divided by p(4).
19
Suppose 0 = -11*p + 455 + 249. What is the remainder when 124 is divided by p?
60
Suppose -6*r - 15 = -99. Suppose 0 = -2*s + 20 + r. What is the remainder when 31 is divided by s?
14
Let g = 441 + -425. Calculate the remainder when g is divided by 5.
1
Suppose -26*l + 35*l - 2403 = 0. Calculate the remainder when l is divided by 27.
24
Let o = 101 - -31. Calculate the remainder when 84 is divided by (1/2)/(3/o).
18
What is the remainder when 58 is divided by 7 + -1 + 1*7?
6
Let f(b) = 5*b + 9. Let c(l) = -15*l - 27. Let o(m) = 6*c(m) + 17*f(m). Let t be o(-5). Let y = t - 9. Calculate the remainder when 11 is divided by y.
4
Calculate the remainder when 453 is divided by 36/3 - (6 + (-4 - 2)).
9
Suppose 2*p = 6, 0 = 5*v - 4*p - 33. Calculate the remainder when 8 - v - 29*-1 is divided by 8.
4
Let p = 117 - 106. Suppose 89 = 5*m + 4*j - 142, -149 = -3*m - 5*j. What is the remainder when m is divided by p?
10
Let b(n) = -n**3 - 3*n**2 + 5*n + 6. Let c be b(-4). Let d(k) = -16*k + 2*k**2 - 4*k**2 + k**c + 4*k. Calculate the remainder when d(-11) is divided by 6.
5
Suppose 96 = 2*v + v. Suppose -2*l = h + 3*h - 216, -5*l + 260 = 5*h. Suppose h = 4*u - v. What is the remainder when 86 is divided by u?
20
Let k = 59 - 1. What is the remainder when 163 is divided by -1 + k + (-6 - -4)?
53
Suppose 465 = 11*t - 10*t - 4*b, t + 3*b - 437 = 0. Calculate the remainder when t is divided by 11.
9
Suppose -4*s - 3*v - 941 = -0*v, 218 = -s + 5*v. Let f = s + 363. Calculate the remainder when f is divided by (2/5 - 1)/(((-1824)/(-1760))/(-57)).
31
What is the remainder when -2*(2 - (18/3 + 76)) is divided by 42?
34
Suppose 0 = -2*b - b - p + 1, p = -2. Let h be (18 + 3)/(b/5). Let d = h + -12. What is the remainder when d is divided by 24?
21
Let g(o) = 15*o + 181. Calculate the remainder when g(3) is divided by 39.
31
Let f = 801 + -363. What is the remainder when f is divided by 55?
53
Suppose k - 1 - 21 = 0. Let f(q) = -q**3 + 31*q**2 - 58*q + 6. Calculate the remainder when k is divided by f(29).
4
Let o = -144 - -235. Suppose 5*n - 13 - 2 = 0. Suppose -3*c = n*g - 63, g - 9 - 6 = -4*c. What is the remainder when o is divided by g?
22
Let q = 650 + -588. Calculate the remainder when 308 is divided by q.
60
Let k = -140 - -144. Suppose 2*s = -5*b - 15 + 18, 0 = -s - k*b - 3. What is the remainder when 71 is divided by s?
8
Suppose 90 = 8*g - 3*g. Let u be 1*g/(-4)*-22. Suppose 3*a + p = 68, 2*p - u = -4*a - p. Calculate the remainder when a is divided by 12.
9
Suppose j - 40 = -n - 2*n, -n + 3 = 0. Let b = j - 11. Calculate the remainder when 53 is divided by b.
13
Let y be 1350/4 - (-39)/(-26). Suppose o + 7*o - y = 0. Calculate the remainder when 83 is divided by o.
41
Let n = -33 + 8. Let r = -20 - n. Suppose r*o = 3*f - 33 - 95, -2*f + 5*o = -82. Calculate the remainder when f is divided by 16.
14
Suppose 0*i = i - 18. Suppose 21*d = i*d + 117. What is the remainder when d is divided by 20?
19
Let m = -27 - -25. Let q = m + 4. Suppose -u = -q*u + 35. Calculate the remainder when u is divided by 10.
5
Suppose u - 3*s - 76 = 0, 3*u + 76*s - 268 = 75*s. Calculate the remainder when 2198 is divided by u.
86
Let a be -212*(1/(-3))/((-14)/(-21)). Suppose 0 = -5*s + 2*g + 280, -2*s + 4*s - 2*g = a. Calculate the remainder when s is divided by 20.
18
Let t = -167 + 200. What is the remainder when 46 is divided by t?
13
Suppose -22 = 8*j - 38. Suppose 0 = 4*a - 18 + j. What is the remainder when 4 is divided by a?
0
Let k = -197 - -202. Suppose 2*a - 3*h - 24 = 0, 4*a + 2*h - 4*h = 40. Let p = 23 - a. Calculate the remainder when p is divided by k.
4
What is the remainder when 18/(-10)*20/(-6) is divided by 3?
0
Suppose 4*q = 2*q + 30. Let n(z) = -103*z. Let r be n(-1). Suppose -b - k = 3*b - r, 5*b = 5*k + 160. What is the remainder when b is divided by q?
12
Suppose 4*a - 6 = -2*x + 96, -3*x - 4*a = -155. What is the remainder when 307 is divided by x?
42
Let c(l) = -2*l + 2. Let g be c(-6). Let q(p) = p**3 - p**2 + 9. Let a be q(0). Suppose -a*y + 11*y = g. Calculate the remainder when 18 is divided by y.
4
Calculate the remainder when 119 is divided by -66*2/(-6)*1.
9
Let g = -435 - -550. What is the remainder when g is divided by 30?
25
Let w(v) = -4*v - 28. Let k be w(-11). Suppose 1 = -b + k. What is the remainder when b is divided by 4/5*(-10)/(-2)?
3
Let d(p) = -p**3 + p. Let z(b) = 6*b**3 - 3*b. Let n(g) = 3*d(g) + z(g). Let i be n(2). What is the remainder when 22 is divided by ((-9)/(-2))/(9/i)?
10
Suppose 26*t + 76*t = 22746. What is the remainder when t is divided by 32?
31
Let q(o) = o**2 - 10*o + 18. Suppose -g = -3*h - 3, -4*h = -2*h - 6. Calculate the remainder when q(g) is divided by 11.
9
Suppose -2*b = 4 - 26. Let d(g) = g**3 - 2*g**2 - 6*g + 13. Calculate the remainder when d(4) is divided by b.
10
Let v(h) = 2*h - 5. Let m be v(5). Suppose 3*s - 157 = -m*t, 5*s = 3*t + s - 71. What is the remainder when 114 is divided by t?
27
Let x = 13 - 9. Let y(c) = 2*c**2 - 6*c - 1. Suppose 0 = 3*j - 5 - 4. Calculate the remainder when y(x) is divided by j.
1
Suppose 4*d - 274 = -j + 3*j, -4*j = 5*d - 375. Suppose 0 = 2*o - d + 13. What is the remainder when 54 is divided by o?
25
Suppose 2*t + 18 = -2*f + 52, -3*f + 3*t + 27 = 0. What is the remainder when 34 is divided by f?
8
Suppose 6*n = 36 + 96. Calculate the remainder when 261 is divided by n.
19
Let f(x) = 58*x - 167. Let g be f(3). Suppose -2*v - 2*k = -34, 0 = 3*v + k + 5 - 46. Calculate the remainder when (v - -1)*(g + -6) is divided by 5.
3
Let c = -141 + 161. Suppose 4*v = -v + 120. What is the remainder when c is divided by 0/(-1) + v/3?
4
Suppose -31*d = -7*d - 864. Calculate the remainder when 605 is divided by d.
29
Suppose 0 = -7*j + 3*j + 20. What is the remainder when 35 is divided by -1 + (-5)/5 + (j - -1)?
3
Let h = 10 + -10. Suppose -p + 3*p = h. Suppose 0 = z + 4*t - 14, p = 5*z - z + t - 101. What is the remainder when z is divided by 14?
12
Let k(z) = -z**2 - 4*z - 1. Let c be k(-3). Suppose c*b = 304 - 66. What is the remainder when b is divided by 40?
39
Let g(c) = c**3 - 9*c**2 + 9*c - 5. Let b be g(8). Calculate the remainder when (-31)/(-4) - b/4 is divided by 4.
3
Let v(i) = 8*i + 8 + 0*i**2 + 3 + i**2. Let q be v(-7). Suppose q*y - 218 = -5*p, -4*p + 120 + 40 = -4*y. What is the remainder when p is divided by 15?
12
Let n = 173 - 128. What is the remainder when 269 is divided by n?
44
Let i = 2648 - 2419. Calculate the remainder when i is divided by 41.
24
Suppose 8 = -11*b + 30. Suppose 5*j - 2*v - 8 = 18, -j + 16 = -4*v. Let d = 5 - j. What is the remainder when b is divided by d?
0
Suppose -40 = -5*i + 3*v, -4*v = 4*i - 3*v - 32. Calculate the remainder when i is divided by 3.
2
Let v = -26 + 28. Calculate the remainder when 6 is divided by (76/20 - v) + 4/20.
0
Let h be 40 + 4/(-1) - 4. Calculate the remainder when 12/h - (-5)/8 is divided by 1.
0
Let g(k) = 2*k + 41. Let c(w) = -w - 14. Let u(x) = -11*c(x) - 4*g(x). Calculate the remainder when u(7) is divided by 5.
1
Suppose l - 13 = 3*u, -4*l + 52 = -33*u + 30*u. Calculate the remainder when 23 is divided by l.
10
Suppose 2*s = 3*s - 125. Suppose 477 - s = 4*l. Calculate the remainder when l is divided by 15.
13
Let i = -425 - -680. Calculate the remainder when i is divided by 43.
40
Let w = 36 + -21. Suppose -2*p - 18*v = -21*v - 31, -4*p - 4*v = -32. Calculate the remainder when w is divided by p.
4
Let f(g) = 9*g**2 - 7*g + 6. Let w be f(1). Let h = 67 - w. Calculate the remainder when h is divided by 10.
9
Suppose -2*x + 8 = 2*x + 2*y, 5*x - 3*y = 10. Calculate the remainder 